{"id":1231,"date":"2013-08-29T22:03:50","date_gmt":"2013-08-29T20:03:50","guid":{"rendered":"http:\/\/www.groundworkers.se\/?page_id=1231"},"modified":"2013-08-29T22:05:40","modified_gmt":"2013-08-29T20:05:40","slug":"elvira-2","status":"publish","type":"page","link":"http:\/\/www.groundworkers.se\/?page_id=1231","title":{"rendered":"Elvira"},"content":{"rendered":"<p><a href=\"http:\/\/www.groundworkers.se\/wp-content\/uploads\/2013\/08\/ElviraBirBTS.jpg\"><img loading=\"lazy\" decoding=\"async\" class=\"alignnone size-medium wp-image-1232\" alt=\"ElviraBirBTS\" src=\"http:\/\/www.groundworkers.se\/wp-content\/uploads\/2013\/08\/ElviraBirBTS-300x205.jpg\" width=\"300\" height=\"205\" srcset=\"http:\/\/www.groundworkers.se\/wp-content\/uploads\/2013\/08\/ElviraBirBTS-300x205.jpg 300w, http:\/\/www.groundworkers.se\/wp-content\/uploads\/2013\/08\/ElviraBirBTS.jpg 350w\" sizes=\"auto, (max-width: 300px) 100vw, 300px\" \/><\/a> <a href=\"http:\/\/www.groundworkers.se\/wp-content\/uploads\/2013\/08\/ElviraGlimminge.jpg\"><img loading=\"lazy\" decoding=\"async\" class=\"alignnone size-medium wp-image-1233\" alt=\"ElviraGlimminge\" src=\"http:\/\/www.groundworkers.se\/wp-content\/uploads\/2013\/08\/ElviraGlimminge-300x294.jpg\" width=\"208\" height=\"204\" srcset=\"http:\/\/www.groundworkers.se\/wp-content\/uploads\/2013\/08\/ElviraGlimminge-300x294.jpg 300w, http:\/\/www.groundworkers.se\/wp-content\/uploads\/2013\/08\/ElviraGlimminge.jpg 350w\" sizes=\"auto, (max-width: 208px) 100vw, 208px\" \/><\/a> <a href=\"http:\/\/www.groundworkers.se\/wp-content\/uploads\/2013\/08\/2010-10-31-ElviraILeran.jpg\"><img loading=\"lazy\" decoding=\"async\" class=\"alignnone size-medium wp-image-1234\" alt=\"2010-10-31 ElviraILeran\" src=\"http:\/\/www.groundworkers.se\/wp-content\/uploads\/2013\/08\/2010-10-31-ElviraILeran-300x216.jpg\" width=\"280\" height=\"202\" srcset=\"http:\/\/www.groundworkers.se\/wp-content\/uploads\/2013\/08\/2010-10-31-ElviraILeran-300x216.jpg 300w, http:\/\/www.groundworkers.se\/wp-content\/uploads\/2013\/08\/2010-10-31-ElviraILeran.jpg 400w\" sizes=\"auto, (max-width: 280px) 100vw, 280px\" \/><\/a><br \/>\nFoto: Lillemor B\u00f6\u00f6s, Maria Erlandsson, Maria Lundberg.<\/p>\n<p>SV:01\u00a0 KBHV:02\u00a0 DKUCH\u00a0 SUCH\u00a0 FINJ(G)CH\u00a0 SJ(G)CH\u00a0 SVCH\u00a0 Abullabergas Salix Alba<br \/>\nE: Conundrum Carpe Diem\u00a0\u00a0\u00a0\u00a0 U: NORDUCH\u00a0 INTUCH Ljungeldens Andromeda<br \/>\n2000-10-31 &#8211; 2011-07-13<\/p>\n<p>Elvira \u00e4r en \u00e4rtig, sockers\u00f6t tjej som \u00e4r pigg p\u00e5 det mesta. D\u00e4r \u00e4r gott om sk\u00e4rpa i detta lilla kraftpaket. Hon \u00e4r allt som oftast mattes skugga, hon blir olycklig de g\u00e5nger inte hon f\u00e5r f\u00f6lja med n\u00e4r packningen kommer fram. Att st\u00e4lla henne p\u00e5 utst\u00e4llning \u00e4r en fr\u00f6jd d\u00e5 hon har en utstr\u00e5lning ut\u00f6ver det vanliga.<\/p>\n<p>Hon driver med skall, s\u00f6ker ut bra och s\u00e4tter fart p\u00e5 djuren utan att vara borta l\u00e4ngre stunder. Hon g\u00e5r g\u00e4rna i gryt och spr\u00e4nger r\u00e4v, ligger det gr\u00e4vling i grytet g\u00e5r hon ner och sk\u00e4ller men kommer snabbt upp igen. Hon jobbar allts\u00e5 s\u00e5 som bordrar gjort i \u00e5rhundraden!<\/p>\n<p>Viltsp\u00e5ret g\u00e5r i ett bra tempo men hon g\u00e5r g\u00e4rna med nosen h\u00f6gt emellan\u00e5t vilket vilseledde mej i b\u00f6rjan. Dock \u00e4r hon sp\u00e5rnoga och blir mycket glad och tuff n\u00e4r vi kommer fram till slutskanken\/djuret.<\/p>\n<p>Elvira \u00e4lskar att springa agility och drillar likt en l\u00e4rka n\u00e4r hon springer bana, hon har en f\u00f6rk\u00e4rlek till kl\u00e4tterhinderna d\u00e5 de alltid resulterar i godis.<\/p>\n<p>Med Elvira n\u00e5dde mitt hund\u00e4gande en ny dimension n\u00e4r hon blev stamtik i min kennel. Hon har f\u00e5tt fem kullar med totalt 20 valpar (9+11). Fr\u00e5n andra kullen stannade Grynet hos oss, fr\u00e5n tredje kullen stannade R\u00e5ttan och i fj\u00e4rde kullen stannade Money. Elvira \u00e4r en mycket bra tik som fostrar sina valpar utan h\u00e5rda tag. Hon \u00e4r m\u00e5n om valparna och ger dem mycket k\u00e4rlek och fysisk kontakt vilket \u00e4r underbart att se.<\/p>\n","protected":false},"excerpt":{"rendered":"<p>Foto: Lillemor B\u00f6\u00f6s, Maria Erlandsson, Maria Lundberg. SV:01\u00a0 KBHV:02\u00a0 DKUCH\u00a0 SUCH\u00a0 FINJ(G)CH\u00a0 SJ(G)CH\u00a0 SVCH\u00a0 Abullabergas Salix Alba E: Conundrum Carpe Diem\u00a0\u00a0\u00a0\u00a0 U: [&hellip;]<\/p>\n","protected":false},"author":2,"featured_media":0,"parent":6,"menu_order":0,"comment_status":"closed","ping_status":"closed","template":"full-width-page.php","meta":{"footnotes":""},"class_list":["post-1231","page","type-page","status-publish","hentry"],"_links":{"self":[{"href":"http:\/\/www.groundworkers.se\/index.php?rest_route=\/wp\/v2\/pages\/1231","targetHints":{"allow":["GET"]}}],"collection":[{"href":"http:\/\/www.groundworkers.se\/index.php?rest_route=\/wp\/v2\/pages"}],"about":[{"href":"http:\/\/www.groundworkers.se\/index.php?rest_route=\/wp\/v2\/types\/page"}],"author":[{"embeddable":true,"href":"http:\/\/www.groundworkers.se\/index.php?rest_route=\/wp\/v2\/users\/2"}],"replies":[{"embeddable":true,"href":"http:\/\/www.groundworkers.se\/index.php?rest_route=%2Fwp%2Fv2%2Fcomments&post=1231"}],"version-history":[{"count":2,"href":"http:\/\/www.groundworkers.se\/index.php?rest_route=\/wp\/v2\/pages\/1231\/revisions"}],"predecessor-version":[{"id":1237,"href":"http:\/\/www.groundworkers.se\/index.php?rest_route=\/wp\/v2\/pages\/1231\/revisions\/1237"}],"up":[{"embeddable":true,"href":"http:\/\/www.groundworkers.se\/index.php?rest_route=\/wp\/v2\/pages\/6"}],"wp:attachment":[{"href":"http:\/\/www.groundworkers.se\/index.php?rest_route=%2Fwp%2Fv2%2Fmedia&parent=1231"}],"curies":[{"name":"wp","href":"https:\/\/api.w.org\/{rel}","templated":true}]}}