{"id":2087,"date":"2019-06-15T18:36:09","date_gmt":"2019-06-15T16:36:09","guid":{"rendered":"http:\/\/www.groundworkers.se\/?page_id=2087"},"modified":"2025-12-17T18:15:08","modified_gmt":"2025-12-17T17:15:08","slug":"allan","status":"publish","type":"page","link":"http:\/\/www.groundworkers.se\/?page_id=2087","title":{"rendered":"Allan"},"content":{"rendered":"<p style=\"text-align: center;\"><a href=\"http:\/\/www.groundworkers.se\/wp-content\/uploads\/2019\/06\/20190407-AllanDTK-e1560615750768.jpg\"><img loading=\"lazy\" decoding=\"async\" class=\"alignnone size-medium wp-image-2089\" src=\"http:\/\/www.groundworkers.se\/wp-content\/uploads\/2019\/06\/20190407-AllanDTK-e1560615720631-290x300.jpg\" alt=\"\" width=\"290\" height=\"300\" \/><\/a>\u00a0<a href=\"http:\/\/www.groundworkers.se\/wp-content\/uploads\/2019\/06\/20190519-AllanFunderar-e1560615872899.jpg\"><img loading=\"lazy\" decoding=\"async\" class=\"alignnone size-medium wp-image-2090\" src=\"http:\/\/www.groundworkers.se\/wp-content\/uploads\/2019\/06\/20190519-AllanFunderar-220x300.jpg\" alt=\"\" width=\"220\" height=\"300\" \/><\/a>\u00a0<span style=\"font-size: 14pt;\"><a href=\"http:\/\/www.groundworkers.se\/wp-content\/uploads\/2019\/06\/20190526-AllanDTKCert-e1560615994652.jpg\"><img loading=\"lazy\" decoding=\"async\" class=\"alignnone size-full wp-image-2091\" src=\"http:\/\/www.groundworkers.se\/wp-content\/uploads\/2019\/06\/20190526-AllanDTKCert-e1560615994652.jpg\" alt=\"\" width=\"518\" height=\"650\" \/><\/a><\/span><\/p>\n<p style=\"text-align: center;\"><span style=\"font-family: georgia,palatino,serif;\"><span style=\"font-family: georgia,palatino,serif; font-size: 14pt;\"><b><span style=\"font-size: 14pt;\">C.I.B DKUCH LTCH NOUCH SEUCH Alekhan Iz Pesni Lovchiva<\/span><br \/>\n<\/b><span style=\"font-size: 12pt;\">E:\u00a0Zhigan S Donskoy Stai\u00a0 U:\u00a0Aida Forest Soverin<br \/>\nF\u00f6dd:\u00a02018-04-25<br \/>\nReg nr:\u00a0SE16631\/2019<br \/>\nStamtavla finns <a href=\"https:\/\/hundar.skk.se\/Avelsdata\/Flikar.aspx?sida=Hund_stamtavla&amp;id=3348984\">h\u00e4r<\/a><br \/>\n<\/span><\/span><\/span><span style=\"font-size: 12pt;\">Testad: CLEAR OF SLEM<br \/>\nGenomg\u00e5tt BPH med skott.<\/span><\/p>\n<p style=\"text-align: center;\"><span style=\"font-size: 12pt;\">Allan Brallan \u00e4r min ryske virvelvind som bor hos Eva i Simrishamn.<\/span><br \/>\n<span style=\"font-size: 12pt;\">Han \u00e4r full av liv och g\u00e5r in med stor entusiasm i alla uppgifter jag ger honom. Detta har gjort att Allan dels \u00e4r en fr\u00f6jd att visa p\u00e5 hundutst\u00e4llning och att han inte s\u00e5g n\u00e5gra sv\u00e5righeter n\u00e4r jag tr\u00e4nade honom i gryt och startade p\u00e5 grytprov i Sverige och Finland.<\/span><\/p>\n<p style=\"text-align: center;\"><span style=\"font-size: 12pt;\">Allan har Kvalit\u00e9 1 p\u00e5 Grytanlagsprov i Sverige (klarade provet efter endast tre tr\u00e4ningar) och resultat LUT C36 p\u00e5 grytprov i Finland.<\/span><\/p>\n<p style=\"text-align: center;\"><span style=\"font-size: 12pt;\">Under jakts\u00e4songenen 2019\/2020 blev Allan injagad. Han var lite tr\u00f6g i starten, hade mer intresse av de andra hundarna och skyttarna. Men den ber\u00f6mda polletten trillade ner vid tredje sl\u00e4ppet och har utvecklats mycket positivt. Nu har han ett fint s\u00f6k upp mot 100m och f\u00f6rf\u00f6ljer vilt upp mot 500m med skall n\u00e4r han har t\u00e4t\/synkontakt. Allan \u00e4r mycket f\u00f6ljsam i skogen och h\u00e5ller fin kontakt med matte.<\/span><\/p>\n<p style=\"text-align: center;\">\n","protected":false},"excerpt":{"rendered":"<p>\u00a0\u00a0 C.I.B DKUCH LTCH NOUCH SEUCH Alekhan Iz Pesni Lovchiva E:\u00a0Zhigan S Donskoy Stai\u00a0 U:\u00a0Aida Forest Soverin F\u00f6dd:\u00a02018-04-25 Reg nr:\u00a0SE16631\/2019 Stamtavla finns [&hellip;]<\/p>\n","protected":false},"author":2,"featured_media":0,"parent":6,"menu_order":0,"comment_status":"closed","ping_status":"closed","template":"","meta":{"footnotes":""},"class_list":["post-2087","page","type-page","status-publish","hentry"],"_links":{"self":[{"href":"http:\/\/www.groundworkers.se\/index.php?rest_route=\/wp\/v2\/pages\/2087","targetHints":{"allow":["GET"]}}],"collection":[{"href":"http:\/\/www.groundworkers.se\/index.php?rest_route=\/wp\/v2\/pages"}],"about":[{"href":"http:\/\/www.groundworkers.se\/index.php?rest_route=\/wp\/v2\/types\/page"}],"author":[{"embeddable":true,"href":"http:\/\/www.groundworkers.se\/index.php?rest_route=\/wp\/v2\/users\/2"}],"replies":[{"embeddable":true,"href":"http:\/\/www.groundworkers.se\/index.php?rest_route=%2Fwp%2Fv2%2Fcomments&post=2087"}],"version-history":[{"count":11,"href":"http:\/\/www.groundworkers.se\/index.php?rest_route=\/wp\/v2\/pages\/2087\/revisions"}],"predecessor-version":[{"id":3160,"href":"http:\/\/www.groundworkers.se\/index.php?rest_route=\/wp\/v2\/pages\/2087\/revisions\/3160"}],"up":[{"embeddable":true,"href":"http:\/\/www.groundworkers.se\/index.php?rest_route=\/wp\/v2\/pages\/6"}],"wp:attachment":[{"href":"http:\/\/www.groundworkers.se\/index.php?rest_route=%2Fwp%2Fv2%2Fmedia&parent=2087"}],"curies":[{"name":"wp","href":"https:\/\/api.w.org\/{rel}","templated":true}]}}