{"id":44,"date":"2013-03-30T11:59:38","date_gmt":"2013-03-30T10:59:38","guid":{"rendered":"http:\/\/www.groundworkers.se\/?page_id=44"},"modified":"2016-08-03T17:51:06","modified_gmt":"2016-08-03T15:51:06","slug":"money","status":"publish","type":"page","link":"http:\/\/www.groundworkers.se\/?page_id=44","title":{"rendered":"Money"},"content":{"rendered":"<p><a href=\"http:\/\/www.groundworkers.se\/wp-content\/uploads\/2013\/03\/2009-09-19-MoneyDKUCH1.jpg\"><img loading=\"lazy\" decoding=\"async\" class=\"alignnone size-medium wp-image-373\" alt=\"2009-09-19 MoneyDKUCH1\" src=\"http:\/\/www.groundworkers.se\/wp-content\/uploads\/2013\/03\/2009-09-19-MoneyDKUCH1-300x233.jpg\" width=\"263\" height=\"205\" srcset=\"http:\/\/www.groundworkers.se\/wp-content\/uploads\/2013\/03\/2009-09-19-MoneyDKUCH1-300x233.jpg 300w, http:\/\/www.groundworkers.se\/wp-content\/uploads\/2013\/03\/2009-09-19-MoneyDKUCH1.jpg 400w\" sizes=\"auto, (max-width: 263px) 100vw, 263px\" \/><\/a> <a href=\"http:\/\/www.groundworkers.se\/wp-content\/uploads\/2013\/03\/MoneyKyrkoruin2.jpg\"><img loading=\"lazy\" decoding=\"async\" class=\"alignnone size-medium wp-image-993\" alt=\"MoneyKyrkoruin2\" src=\"http:\/\/www.groundworkers.se\/wp-content\/uploads\/2013\/03\/MoneyKyrkoruin2-300x224.jpg\" width=\"275\" height=\"206\" srcset=\"http:\/\/www.groundworkers.se\/wp-content\/uploads\/2013\/03\/MoneyKyrkoruin2-300x224.jpg 300w, http:\/\/www.groundworkers.se\/wp-content\/uploads\/2013\/03\/MoneyKyrkoruin2.jpg 700w\" sizes=\"auto, (max-width: 275px) 100vw, 275px\" \/> <\/a><a href=\"http:\/\/www.groundworkers.se\/wp-content\/uploads\/2013\/03\/MoneyGlimminge1.jpg\"><img loading=\"lazy\" decoding=\"async\" class=\"alignnone size-medium wp-image-994\" alt=\"MoneyGlimminge\" src=\"http:\/\/www.groundworkers.se\/wp-content\/uploads\/2013\/03\/MoneyGlimminge1-300x247.jpg\" width=\"250\" height=\"207\" srcset=\"http:\/\/www.groundworkers.se\/wp-content\/uploads\/2013\/03\/MoneyGlimminge1-300x247.jpg 300w, http:\/\/www.groundworkers.se\/wp-content\/uploads\/2013\/03\/MoneyGlimminge1.jpg 500w\" sizes=\"auto, (max-width: 250px) 100vw, 250px\" \/><\/a><\/p>\n<div>\n<h3>DKUCH NOUCH SEVCH SEUCH NORDUCH C.I.B J DE&amp;VDH CH<br \/>\nNORDVV:15 DTKV:16 DTKVV:16<br \/>\nGround Workers Destiny<\/h3>\n<p>E: Vet&#8217;s Utter ETM \u00a0\u00a0\u00a0 U: Abullabergas Salix Alba<br \/>\nF\u00f6dd: 2007-11-12<\/p>\n<\/div>\n<p>Money stannade kvar fr\u00e5n min fj\u00e4rde kull. Hon \u00e4r v\u00e4ldigt f\u00f6ljsam och l\u00e4tt att hantera. \u00c4r alltid fokuserad p\u00e5 matte och \u00e4r en trogen f\u00f6ljeslagare vid diverse aktviteter. Hon \u00e4r mycket robust och t\u00e5lig i alla situationer med stor passion f\u00f6r all sorts jakt och jobb. Hennes p\u00e4ls \u00e4r av yttersta kvalite, h\u00e5rd mot v\u00e4der och smuts men \u00e4nd\u00e5 l\u00e4ttrimmad.<\/p>\n<p>Moneys b\u00e4sta kompis var hennes mamma Elvira s\u00e5 det var en stor f\u00f6rlust f\u00f6r henne n\u00e4r Elvira hastigt fick l\u00e4mna oss i f\u00f6rtid. Dock g\u00e5r det att leka lite grann med Devil och Lova n\u00e4r Money kommer i lekhum\u00f6r.<\/p>\n<p>Money tycker viltsp\u00e5r \u00e4r kul men ibland \u00e4r det n\u00e5got utanf\u00f6r sp\u00e5ret som ocks\u00e5 \u00e4r v\u00e4rt att unders\u00f6ka. Det kr\u00e4vdes en hel del tr\u00e4ning f\u00f6r att Money skulle klara anlagsprovet, men efter tips att matte skulle h\u00e5lla tyst under sp\u00e5rarbetet gick det mycket b\u00e4ttre. Efter anlagsprovet s\u00e5 fick Money vila fr\u00e5n sp\u00e5randet s\u00e5 hennes motivation skulle \u00f6ka. N\u00e4r vi v\u00e4l tog tag i \u00f6ppenklasstr\u00e4ningen hade Money mera vilja i sp\u00e5rarbetet, skottet i slutet sporrade henne \u00e4nnu mer. Championatet tog hon efter tre raka provstarter med f\u00f6rstapris.<\/p>\n<p>I utst\u00e4llningsringen trivs Money som fisken i vattnet. Hon njuter av mattes uppm\u00e4rksamhet och den strida str\u00f6mmen godisbitar. Resultaten fr\u00e5n ringen har gjort mej otroligt stolt som \u00e4gare och uppf\u00f6dare till denna lilla hund. Med tre cert i Danmark fick hon sitt f\u00f6rsta championat, hon har \u00e4ven f\u00e5tt tv\u00e5 av sina cacib i Danmark. Vi byggde p\u00e5 med cert och BIR i Norge och ytterligare titel, NOUCH. I Tyskland visade jag Money f\u00f6rsta g\u00e5ngen 2011 och i juni 2013 tog hon sina sista cert och fick titeln DE&amp;VDH CH tv\u00e5 av sina Cacib \u00e4r vunna i Tyskland. I Polen har Money cert och cacib. Med dessa cacib har hon f\u00e5tt titeln C.I.B. I augusti 2011 blev Money andra b\u00e4sta tik med cert p\u00e5 SKK utst\u00e4llning i Ronneby och d\u00e4rmed \u00e4ven svensk och nordisk utst\u00e4llningschampion.<\/p>\n<p>Gryttr\u00e4ningen har g\u00e5tt l\u00e5ngsamt men fram\u00e5t. Money startade p\u00e5 enkelt gravprov i Danmark april 2009 d\u00e4r hon fick ett 2a pris. Hon har varit lite osj\u00e4lvst\u00e4ndig vid tr\u00e4ning i konstgrytet. S\u00e5 ist\u00e4llet f\u00f6r att tr\u00e4na l\u00e5da har Money f\u00e5tt jaga, detta har byggt upp hennes sj\u00e4lvs\u00e4kerhet och vid f\u00f6rs\u00f6kstr\u00e4ning v\u00e5ren 2011 visade hon stor sk\u00e4rpa och jaktlust. I augusti startades Money p\u00e5 anlagsprov spr\u00e4ngare d\u00e4r hon blev godk\u00e4nd och fick l\u00e4gga till ett J i titelraden. Nu \u00e4r siktet inst\u00e4llt p\u00e5 att f\u00f6rs\u00f6ka g\u00f6ra jaktprov till vintern.<\/p>\n<p>Att jaga ovanjord med Money \u00e4r en fr\u00f6jd. Hon s\u00f6ker ut relativt sn\u00e4vt p\u00e5 sl\u00e4ttjakterna oftast inte mer \u00e4n 150m men i skogen s\u00f6ker hon ut och \u00e4r borta mellan 5 och 10 minuter. Hennes skall \u00e4r h\u00f6gt och ljudligt, driver vid t\u00e4t och\/eller synkontakt. Det \u00e4r skjutet hare och r\u00e5djur f\u00f6r Moeny men hon s\u00e4tter fart p\u00e5 allt som kommer i hennes v\u00e4g.<\/p>\n<p>&nbsp;<\/p>\n","protected":false},"excerpt":{"rendered":"<p>DKUCH NOUCH SEVCH SEUCH NORDUCH C.I.B J DE&amp;VDH CH NORDVV:15 DTKV:16 DTKVV:16 Ground Workers Destiny E: Vet&#8217;s Utter ETM \u00a0\u00a0\u00a0 U: Abullabergas [&hellip;]<\/p>\n","protected":false},"author":1,"featured_media":0,"parent":6,"menu_order":3,"comment_status":"closed","ping_status":"closed","template":"full-width-page.php","meta":{"footnotes":""},"class_list":["post-44","page","type-page","status-publish","hentry"],"_links":{"self":[{"href":"http:\/\/www.groundworkers.se\/index.php?rest_route=\/wp\/v2\/pages\/44","targetHints":{"allow":["GET"]}}],"collection":[{"href":"http:\/\/www.groundworkers.se\/index.php?rest_route=\/wp\/v2\/pages"}],"about":[{"href":"http:\/\/www.groundworkers.se\/index.php?rest_route=\/wp\/v2\/types\/page"}],"author":[{"embeddable":true,"href":"http:\/\/www.groundworkers.se\/index.php?rest_route=\/wp\/v2\/users\/1"}],"replies":[{"embeddable":true,"href":"http:\/\/www.groundworkers.se\/index.php?rest_route=%2Fwp%2Fv2%2Fcomments&post=44"}],"version-history":[{"count":12,"href":"http:\/\/www.groundworkers.se\/index.php?rest_route=\/wp\/v2\/pages\/44\/revisions"}],"predecessor-version":[{"id":897,"href":"http:\/\/www.groundworkers.se\/index.php?rest_route=\/wp\/v2\/pages\/44\/revisions\/897"}],"up":[{"embeddable":true,"href":"http:\/\/www.groundworkers.se\/index.php?rest_route=\/wp\/v2\/pages\/6"}],"wp:attachment":[{"href":"http:\/\/www.groundworkers.se\/index.php?rest_route=%2Fwp%2Fv2%2Fmedia&parent=44"}],"curies":[{"name":"wp","href":"https:\/\/api.w.org\/{rel}","templated":true}]}}