{"id":865,"date":"2013-03-31T12:00:28","date_gmt":"2013-03-31T10:00:28","guid":{"rendered":"http:\/\/www.groundworkers.se\/?page_id=865"},"modified":"2013-06-29T22:36:10","modified_gmt":"2013-06-29T20:36:10","slug":"h-kullen","status":"publish","type":"page","link":"http:\/\/www.groundworkers.se\/?page_id=865","title":{"rendered":"H-kullen"},"content":{"rendered":"<p>Ground Workers Heaven<br \/>\nGround Workers Hell<br \/>\nF\u00f6dda 2013-04-26<br \/>\nE: Carmal&#8217;s Devil U: Boltin&#8217; Frigg<\/p>\n<p>Nu har Castor flyttat till Lund och ska bli husse Arvids jaktkamrat.<br \/>\nBella har flyttat till Kalmar och ska bli familjen Olsson\/Jonssons familjemedlem och jaktkompis.<\/p>\n<p><a href=\"http:\/\/www.groundworkers.se\/wp-content\/uploads\/2013\/03\/2013-06-22-136.jpg\"><img loading=\"lazy\" decoding=\"async\" class=\"alignnone size-medium wp-image-1115\" alt=\"H-Syskonbus1 2013-06-22\" src=\"http:\/\/www.groundworkers.se\/wp-content\/uploads\/2013\/03\/2013-06-22-136-300x200.jpg\" width=\"260\" height=\"173\" \/><\/a> <a href=\"http:\/\/www.groundworkers.se\/wp-content\/uploads\/2013\/03\/2013-06-22-139-e1372537631444.jpg\"><img loading=\"lazy\" decoding=\"async\" class=\"alignnone size-medium wp-image-1116\" alt=\"H-Syskonbus2 2013-06-22\" src=\"http:\/\/www.groundworkers.se\/wp-content\/uploads\/2013\/03\/2013-06-22-139-300x200.jpg\" width=\"246\" height=\"173\" \/><\/a> <a href=\"http:\/\/www.groundworkers.se\/wp-content\/uploads\/2013\/03\/2013-06-22-142-e1372537697239.jpg\"><img loading=\"lazy\" decoding=\"async\" class=\"alignnone size-medium wp-image-1117\" alt=\"H-Syskonbus3 2013-06-22\" src=\"http:\/\/www.groundworkers.se\/wp-content\/uploads\/2013\/03\/2013-06-22-142-300x200.jpg\" width=\"260\" height=\"173\" \/><\/a><br \/>\nSyskonbus med en liten leksaksmus :). Castor och Bella leker j\u00e4ttefint ihop med vissa tjuvnyp s\u00e5klart ;).<\/p>\n<p><a href=\"http:\/\/www.groundworkers.se\/wp-content\/uploads\/2013\/03\/2013-05-30-054-e1369906152302.jpg\"><img loading=\"lazy\" decoding=\"async\" class=\"alignnone size-medium wp-image-1082\" alt=\"H-HeavenUteOchG\u00e5r2013-05-30\" src=\"http:\/\/www.groundworkers.se\/wp-content\/uploads\/2013\/03\/2013-05-30-054-e1369906152302-300x198.jpg\" width=\"333\" height=\"220\" srcset=\"http:\/\/www.groundworkers.se\/wp-content\/uploads\/2013\/03\/2013-05-30-054-e1369906152302-300x198.jpg 300w, http:\/\/www.groundworkers.se\/wp-content\/uploads\/2013\/03\/2013-05-30-054-e1369906152302-1024x676.jpg 1024w\" sizes=\"auto, (max-width: 333px) 100vw, 333px\" \/><\/a> <a href=\"http:\/\/www.groundworkers.se\/wp-content\/uploads\/2013\/03\/2013-05-30-045-e1369906025776.jpg\"><img loading=\"lazy\" decoding=\"async\" class=\"alignnone size-medium wp-image-1081\" alt=\"H-HellSt\u00e5rFintUte2013-05-30\" src=\"http:\/\/www.groundworkers.se\/wp-content\/uploads\/2013\/03\/2013-05-30-045-e1369906025776-300x206.jpg\" width=\"323\" height=\"221\" srcset=\"http:\/\/www.groundworkers.se\/wp-content\/uploads\/2013\/03\/2013-05-30-045-e1369906025776-300x206.jpg 300w, http:\/\/www.groundworkers.se\/wp-content\/uploads\/2013\/03\/2013-05-30-045-e1369906025776-1024x704.jpg 1024w\" sizes=\"auto, (max-width: 323px) 100vw, 323px\" \/><\/a><br \/>\nValparna har varit ute en sv\u00e4ng, v\u00e4ldigt sp\u00e4nnande, Frigg h\u00f6ll ett vakande \u00f6ga p\u00e5 sina sm\u00e5.<br \/>\n<a href=\"http:\/\/www.groundworkers.se\/wp-content\/uploads\/2013\/03\/2013-05-30-022-e1369905237727.jpg\"><img loading=\"lazy\" decoding=\"async\" class=\"alignnone size-medium wp-image-1077\" alt=\"H-HeavenKamerarem2013-05-30\" src=\"http:\/\/www.groundworkers.se\/wp-content\/uploads\/2013\/03\/2013-05-30-022-e1369905237727-300x220.jpg\" width=\"336\" height=\"247\" srcset=\"http:\/\/www.groundworkers.se\/wp-content\/uploads\/2013\/03\/2013-05-30-022-e1369905237727-300x220.jpg 300w, http:\/\/www.groundworkers.se\/wp-content\/uploads\/2013\/03\/2013-05-30-022-e1369905237727-1024x753.jpg 1024w\" sizes=\"auto, (max-width: 336px) 100vw, 336px\" \/><\/a> <a href=\"http:\/\/www.groundworkers.se\/wp-content\/uploads\/2013\/03\/2013-05-30-024-e1369905422422.jpg\"><img loading=\"lazy\" decoding=\"async\" class=\"alignnone size-medium wp-image-1079\" alt=\"H-HellSandal2013-05-30\" src=\"http:\/\/www.groundworkers.se\/wp-content\/uploads\/2013\/03\/2013-05-30-024-e1369905422422-300x249.jpg\" width=\"300\" height=\"249\" srcset=\"http:\/\/www.groundworkers.se\/wp-content\/uploads\/2013\/03\/2013-05-30-024-e1369905422422-300x249.jpg 300w, http:\/\/www.groundworkers.se\/wp-content\/uploads\/2013\/03\/2013-05-30-024-e1369905422422-1024x850.jpg 1024w\" sizes=\"auto, (max-width: 300px) 100vw, 300px\" \/><\/a><br \/>\nNu testas de sm\u00e5 sylvassa t\u00e4nderna f\u00f6r fullt p\u00e5 allt som kommer i valparnas v\u00e4g, det g\u00f6r ont ibland ;).<\/p>\n<p><a href=\"http:\/\/www.groundworkers.se\/wp-content\/uploads\/2013\/03\/2013-05-30-018-e1369904469195.jpg\"><img loading=\"lazy\" decoding=\"async\" class=\"alignnone size-medium wp-image-1074\" alt=\"H-Tjej&amp;kille2013-05-30\" src=\"http:\/\/www.groundworkers.se\/wp-content\/uploads\/2013\/03\/2013-05-30-018-e1369904469195-300x189.jpg\" width=\"334\" height=\"211\" srcset=\"http:\/\/www.groundworkers.se\/wp-content\/uploads\/2013\/03\/2013-05-30-018-e1369904469195-300x189.jpg 300w, http:\/\/www.groundworkers.se\/wp-content\/uploads\/2013\/03\/2013-05-30-018-e1369904469195-1024x645.jpg 1024w\" sizes=\"auto, (max-width: 334px) 100vw, 334px\" \/><\/a> <a href=\"http:\/\/www.groundworkers.se\/wp-content\/uploads\/2013\/03\/2013-05-30-028.jpg\"><img loading=\"lazy\" decoding=\"async\" class=\"alignnone size-medium wp-image-1075\" alt=\"H-Hj\u00e4lps\u00c5tMedR\u00e4ven2013-05-30\" src=\"http:\/\/www.groundworkers.se\/wp-content\/uploads\/2013\/03\/2013-05-30-028-e1369904721749-300x180.jpg\" width=\"353\" height=\"212\" srcset=\"http:\/\/www.groundworkers.se\/wp-content\/uploads\/2013\/03\/2013-05-30-028-e1369904721749-300x180.jpg 300w, http:\/\/www.groundworkers.se\/wp-content\/uploads\/2013\/03\/2013-05-30-028-e1369904721749-1024x614.jpg 1024w\" sizes=\"auto, (max-width: 353px) 100vw, 353px\" \/><\/a><br \/>\nDet syns vilken som \u00e4r tik och hane :). De hj\u00e4lps \u00e5t att ta plychr\u00e4ven.<\/p>\n<p><a href=\"http:\/\/www.groundworkers.se\/wp-content\/uploads\/2013\/03\/2013-05-24-027-e1369599763602.jpg\"><img loading=\"lazy\" decoding=\"async\" class=\"alignnone size-medium wp-image-1072\" alt=\"H-AmigaLekerGenomN\u00e4tet2013-05-24\" src=\"http:\/\/www.groundworkers.se\/wp-content\/uploads\/2013\/03\/2013-05-24-027-e1369599763602-300x205.jpg\" width=\"365\" height=\"250\" srcset=\"http:\/\/www.groundworkers.se\/wp-content\/uploads\/2013\/03\/2013-05-24-027-e1369599763602-300x205.jpg 300w, http:\/\/www.groundworkers.se\/wp-content\/uploads\/2013\/03\/2013-05-24-027-e1369599763602-1024x701.jpg 1024w\" sizes=\"auto, (max-width: 365px) 100vw, 365px\" \/><\/a> <a href=\"http:\/\/www.groundworkers.se\/wp-content\/uploads\/2013\/03\/2013-05-24-022-e1369599337777.jpg\"><img loading=\"lazy\" decoding=\"async\" class=\"alignnone size-medium wp-image-1071\" alt=\"H-FriggGerDi2013-05-24\" src=\"http:\/\/www.groundworkers.se\/wp-content\/uploads\/2013\/03\/2013-05-24-022-e1369599337777-300x251.jpg\" width=\"300\" height=\"251\" srcset=\"http:\/\/www.groundworkers.se\/wp-content\/uploads\/2013\/03\/2013-05-24-022-e1369599337777-300x251.jpg 300w, http:\/\/www.groundworkers.se\/wp-content\/uploads\/2013\/03\/2013-05-24-022-e1369599337777-1024x857.jpg 1024w\" sizes=\"auto, (max-width: 300px) 100vw, 300px\" \/><\/a><br \/>\nValparna har b\u00f6rjat uppt\u00e4cka v\u00e4rlden utanf\u00f6r hagen, h\u00e4r leker de med halvsystern Amiga. Frigg sitter upp och ger di.<\/p>\n<p><a href=\"http:\/\/www.groundworkers.se\/wp-content\/uploads\/2013\/03\/H-UnderEnFilt2013-05-14.jpg\"><img loading=\"lazy\" decoding=\"async\" class=\"alignnone size-medium wp-image-1051\" alt=\"H-UnderEnFilt2013-05-14\" src=\"http:\/\/www.groundworkers.se\/wp-content\/uploads\/2013\/03\/H-UnderEnFilt2013-05-14-e1368732673352-300x239.jpg\" width=\"300\" height=\"239\" srcset=\"http:\/\/www.groundworkers.se\/wp-content\/uploads\/2013\/03\/H-UnderEnFilt2013-05-14-e1368732673352-300x239.jpg 300w, http:\/\/www.groundworkers.se\/wp-content\/uploads\/2013\/03\/H-UnderEnFilt2013-05-14-e1368732673352-1024x818.jpg 1024w\" sizes=\"auto, (max-width: 300px) 100vw, 300px\" \/><\/a><br \/>\nValparna har varit ute och k\u00e4nt p\u00e5 v\u00e5rluften. De v\u00e4xer och m\u00e5r alla tiders. Foto:Malin Tallberg-H\u00e5kansson<\/p>\n<p>&nbsp;<\/p>\n<p><a href=\"http:\/\/www.groundworkers.se\/wp-content\/uploads\/2013\/03\/2013-04-27-017.jpg\"><img loading=\"lazy\" decoding=\"async\" class=\"alignnone size-medium wp-image-1042\" alt=\"2013-04-27 017\" src=\"http:\/\/www.groundworkers.se\/wp-content\/uploads\/2013\/03\/2013-04-27-017-300x200.jpg\" width=\"355\" height=\"237\" srcset=\"http:\/\/www.groundworkers.se\/wp-content\/uploads\/2013\/03\/2013-04-27-017-300x200.jpg 300w, http:\/\/www.groundworkers.se\/wp-content\/uploads\/2013\/03\/2013-04-27-017-1024x682.jpg 1024w\" sizes=\"auto, (max-width: 355px) 100vw, 355px\" \/><\/a> <a href=\"http:\/\/www.groundworkers.se\/wp-content\/uploads\/2013\/03\/H-EttDygn2013-04-27.jpg\"><img loading=\"lazy\" decoding=\"async\" class=\"alignnone size-medium wp-image-1040\" alt=\"H-EttDygn2013-04-27\" src=\"http:\/\/www.groundworkers.se\/wp-content\/uploads\/2013\/03\/H-EttDygn2013-04-27-300x209.jpg\" width=\"340\" height=\"237\" srcset=\"http:\/\/www.groundworkers.se\/wp-content\/uploads\/2013\/03\/H-EttDygn2013-04-27-300x209.jpg 300w, http:\/\/www.groundworkers.se\/wp-content\/uploads\/2013\/03\/H-EttDygn2013-04-27-1024x714.jpg 1024w\" sizes=\"auto, (max-width: 340px) 100vw, 340px\" \/><\/a><br \/>\nTV: Frigg med sina valpar, h\u00e4r ett dygn gamla. TH: Tiken till v\u00e4nster och hanen till h\u00f6ger.<\/p>\n<p>&nbsp;<\/p>\n<p>Kullen f\u00f6ddes 2013-04-26, Hanen kom kl 08,04 och v\u00e4gde 205g, tiken kom 08,23 och v\u00e4gde 196g.<\/p>\n<p>&nbsp;<\/p>\n<p><a href=\"http:\/\/www.groundworkers.se\/wp-content\/uploads\/2013\/03\/FriggTjockApril2013.jpg\"><img loading=\"lazy\" decoding=\"async\" class=\"alignnone size-medium wp-image-945\" alt=\"FriggTjockApril2013\" src=\"http:\/\/www.groundworkers.se\/wp-content\/uploads\/2013\/03\/FriggTjockApril2013-300x225.jpg\" width=\"400\" height=\"303\" \/><\/a>\u00a0 <a href=\"http:\/\/www.groundworkers.se\/wp-content\/uploads\/2013\/03\/FriggTjock2April2013.jpg\"><img loading=\"lazy\" decoding=\"async\" class=\"alignnone size-medium wp-image-946\" alt=\"FriggTjock2April2013\" src=\"http:\/\/www.groundworkers.se\/wp-content\/uploads\/2013\/03\/FriggTjock2April2013-300x225.jpg\" width=\"409\" height=\"305\" \/><\/a><br \/>\nNu b\u00f6rjar det synas rej\u00e4lt p\u00e5 Frigg att det \u00e4r valpar p\u00e5 g\u00e5ng. Frigg orkar inte h\u00e5lla ig\u00e5ng och busa lika l\u00e4nge nu och hon \u00e4ter trippelportioner mat vilket hon inte tackar nej till. Husse Patrik har tagit bilderna.<\/p>\n<p><a href=\"http:\/\/www.groundworkers.se\/wp-content\/uploads\/2013\/03\/2013-03-16-076-e1364723669925.jpg\"><img loading=\"lazy\" decoding=\"async\" class=\"alignnone size-medium wp-image-866\" alt=\"Frigg &amp; Devil 2013-03-16\" src=\"http:\/\/www.groundworkers.se\/wp-content\/uploads\/2013\/03\/2013-03-16-076-e1364723669925-300x221.jpg\" width=\"448\" height=\"330\" srcset=\"http:\/\/www.groundworkers.se\/wp-content\/uploads\/2013\/03\/2013-03-16-076-e1364723669925-300x221.jpg 300w, http:\/\/www.groundworkers.se\/wp-content\/uploads\/2013\/03\/2013-03-16-076-e1364723669925-1024x756.jpg 1024w\" sizes=\"auto, (max-width: 448px) 100vw, 448px\" \/>\u00a0 <\/a><a href=\"http:\/\/www.groundworkers.se\/wp-content\/uploads\/2013\/03\/2013-03-16-090.jpg\"><img loading=\"lazy\" decoding=\"async\" class=\"alignnone size-medium wp-image-906\" alt=\"Devil &amp; Frigg 2 2013-03-16\" src=\"http:\/\/www.groundworkers.se\/wp-content\/uploads\/2013\/03\/2013-03-16-090-e1364822862391-300x253.jpg\" width=\"389\" height=\"331\" \/><\/a><a href=\"http:\/\/www.groundworkers.se\/wp-content\/uploads\/2013\/03\/2013-03-16-076-e1364723669925.jpg\"><br \/>\n<\/a>Frigg (Blue and tan) till v\u00e4nster och Devil (Grizzel and tan) till h\u00f6ger busar runt i tr\u00e4dg\u00e5rden innan det \u00e4r dags f\u00f6r parning<a href=\"http:\/\/www.groundworkers.se\/wp-content\/uploads\/2013\/03\/2013-03-16-076-e1364723669925.jpg\">.<\/a><\/p>\n<p>B\u00e5da f\u00f6r\u00e4ldrarna \u00e4r mkt sn\u00e4lla och trevliga hundar som det jagas aktivt med.Frigg \u00e4r ultraljudad och det s\u00e5gs valpar i henne s\u00e5 nu \u00e4r det bara till att v\u00e4nta&#8230;<\/p>\n<p><a href=\"http:\/\/www.groundworkers.se\/wp-content\/uploads\/2013\/03\/2013-03-16-076-e1364723669925.jpg\">\u00a0<\/a><\/p>\n","protected":false},"excerpt":{"rendered":"<p>Ground Workers Heaven Ground Workers Hell F\u00f6dda 2013-04-26 E: Carmal&#8217;s Devil U: Boltin&#8217; Frigg Nu har Castor flyttat till Lund och ska [&hellip;]<\/p>\n","protected":false},"author":2,"featured_media":0,"parent":10,"menu_order":0,"comment_status":"closed","ping_status":"closed","template":"full-width-page.php","meta":{"footnotes":""},"class_list":["post-865","page","type-page","status-publish","hentry"],"_links":{"self":[{"href":"http:\/\/www.groundworkers.se\/index.php?rest_route=\/wp\/v2\/pages\/865","targetHints":{"allow":["GET"]}}],"collection":[{"href":"http:\/\/www.groundworkers.se\/index.php?rest_route=\/wp\/v2\/pages"}],"about":[{"href":"http:\/\/www.groundworkers.se\/index.php?rest_route=\/wp\/v2\/types\/page"}],"author":[{"embeddable":true,"href":"http:\/\/www.groundworkers.se\/index.php?rest_route=\/wp\/v2\/users\/2"}],"replies":[{"embeddable":true,"href":"http:\/\/www.groundworkers.se\/index.php?rest_route=%2Fwp%2Fv2%2Fcomments&post=865"}],"version-history":[{"count":15,"href":"http:\/\/www.groundworkers.se\/index.php?rest_route=\/wp\/v2\/pages\/865\/revisions"}],"predecessor-version":[{"id":905,"href":"http:\/\/www.groundworkers.se\/index.php?rest_route=\/wp\/v2\/pages\/865\/revisions\/905"}],"up":[{"embeddable":true,"href":"http:\/\/www.groundworkers.se\/index.php?rest_route=\/wp\/v2\/pages\/10"}],"wp:attachment":[{"href":"http:\/\/www.groundworkers.se\/index.php?rest_route=%2Fwp%2Fv2%2Fmedia&parent=865"}],"curies":[{"name":"wp","href":"https:\/\/api.w.org\/{rel}","templated":true}]}}